uppose -2*o + 9408 = -2*v, o - 2611 = 2*v + j. Is o a prime number?
False
Suppose -a = -6, -13*a = p - 9*a - 1973. Is p prime?
True
Suppose 0 = -53*v + 64*v - 44. Suppose 10*a - 5*u + 10743 = 11*a, v*u = 2*a - 21514. Is a composite?
False
Suppose -5*u + w + 19504 = 0, -3*w + 6*w = -5*u + 19508. Suppose -5194 = -5*l + u. Is l a prime number?
False
Suppose 163601 - 18749 = 53*u - 49*u. Is u composite?
True
Suppose 5 = 12*w - 31. Suppose 0 = u + 8*q - w*q + 13, 25 = 5*u - 5*q. Suppose 0 = -14*g + u*g + 3180. Is g composite?
True
Suppose -2*j + 0*j - 10 = 0, 5*b - 70 = -2*j. Let q(k) = -137*k - b + 32*k + 0 + 3. Is q(-12) a composite number?
True
Let x(k) be the first derivative of -2*k**3/3 + 2*k**2 + 27*k - 16. Let d be x(-11). Let p = d + 510. Is p composite?
False
Let i = -25719 + -40871. Is (-1)/(-1 - i/66595) prime?
False
Suppose 3*y - 8*y = -20. Let b be (12 - -1) + 10*48/(-60). Suppose 2*v - 1339 = i, 0 = -y*i + 5*i + b. Is v composite?
True
Let c(p) = 3744*p**3 - p - 15 - 2*p - 3751*p**3 - 4*p**2. Is c(-8) a composite number?
True
Let v = 53381 - 33742. Is v prime?
False
Let q(f) = 7091*f**2 + 3*f - 1. Let z be q(1). Suppose -4*p - z = -2*k - 9*p, -p - 3564 = -k. Is k a composite number?
False
Let k be (60/75)/(0 - (-1)/525). Suppose k*s - 404*s = 472432. Is s composite?
False
Suppose 0 = g - 6*g + 59640. Suppose 0 = 5*h + 3*h + g. Let o = 2117 + h. Is o prime?
False
Let l(s) = 688*s**2 + 4*s + 3. Suppose t + 4*d = -10, -4*t + d = -5*t - 4. Is l(t) a composite number?
True
Let p(h) = -16*h**3 + 8*h**2 - 8*h - 7. Let x = -18 - -22. Let l be p(x). Let k = l - -1476. Is k prime?
True
Let l = -165 + 57. Let b = -104 - l. Suppose -2*k + 2228 = b*d - 3034, -2*k - 2640 = -2*d. Is d composite?
True
Let o(q) = 4*q + 29. Let p be o(-7). Let y be -1*(-10 - -1 - p). Suppose y*m - 381 = 7*m. Is m a composite number?
False
Let a = 22918 - 5189. Is a composite?
False
Is 29/(-29)*(-21284 + 15 - (-1 - -1)) composite?
False
Suppose 160*v - g + 129338 = 165*v, 5*v - 129344 = -3*g. Is v a composite number?
False
Let i(s) = -s**3 - 7*s - 12. Let d be i(-6). Let h = 363 - d. Let y = 998 + h. Is y composite?
True
Let b(y) = 3953*y**2 - 16*y - 203. Is b(-8) prime?
False
Let m = 568700 - 347907. Is m composite?
False
Let s(h) = -2*h**3 - 10*h**2 - 160*h + 21. Is s(-50) a composite number?
False
Let a = 289 + -283. Is (-1*5)/(((-48)/a)/23992) a composite number?
True
Let f(c) = c - 4. Let k be f(7). Suppose -2*l + 4*l - 1162 = k*d, 2*l - 1178 = -5*d. Suppose 0 = 7*i - 2831 + l. Is i prime?
False
Let g(h) = h**3 - 6*h**2 - 7*h - 4. Let k be g(7). Let l be (2 - 18)/k - 16. Let f(u) = -u**3 + 7*u**2 - 14*u + 7. Is f(l) a prime number?
False
Let d be (64/48)/((-2)/(-15)). Suppose 0 = -d*z + 14*z - 940. Is z prime?
False
Let l(w) = -45*w**3 + 2*w**2 - 46*w - 47. Is l(-6) a prime number?
False
Let j(p) = -8081*p + 12857. Is j(-18) a composite number?
True
Is -3*(-426278)/10 + 6/(-15) a composite number?
True
Let v = 424938 + -145459. Is v a composite number?
False
Let h(u) = 57*u**2 + 419*u + 849. Is h(-130) composite?
False
Let l be 4 + (-5442 - 6)*-1. Suppose -914 = -6*k + l. Is k a prime number?
True
Let a = 7242 - 3920. Suppose 5*q - 3453 - a = 0. Suppose -1532 = -5*x + g, 0 = -3*x - 5*g - 419 + q. Is x prime?
True
Suppose 4*m - 1607684 - 772 = 4*c, -1206307 = -3*m - 2*c. Is m a prime number?
True
Is (-858370)/(-15) - (-396)/(-108) a composite number?
False
Let t(j) = 2*j + 10. Let s be t(-3). Suppose 4*y + s*l = 1816, y - 401 - 53 = -2*l. Let u = 3 + y. Is u prime?
True
Let d be 15 + -4*(-8)/(-32). Suppose 0 = s - d*s + 23647. Is s a prime number?
False
Suppose -14*b = -10*b + 3*f - 1321018, 4*f = -24. Is b a prime number?
False
Let k be (-8)/14*-1*42/12. Let b be (-4)/14 - k/(-7). Suppose -r + 2*a = -202, 5*a - 202 = -r - b*a. Is r a composite number?
True
Let i = -86955 + -25591. Is 14/4*i/(-49) prime?
True
Let b(m) = 159371*m**2 + 16*m + 2. Is b(1) composite?
False
Suppose -5*m + 3*r - 4185 = 0, 835 = -m - 3*r + 4*r. Let w = m - -300. Let k = w - -1169. Is k a prime number?
False
Let v = -99 - -99. Suppose 4077 = -9*b - v*b. Let f = -31 - b. Is f a composite number?
True
Suppose -38*c = -45*c + 50260. Let x = c - 2645. Is x a prime number?
False
Suppose 5*g = -4*c - 74, 0 = 2*c + 4*g + 22 + 12. Let y be (-7)/c - (-13)/(-3). Is (-406)/(-2) + y + 4 a composite number?
True
Suppose 11*p - 106943 = 2052698. Is p a composite number?
False
Let i = 43979 - 23512. Is i a composite number?
True
Let y(r) = 208*r - 59. Let n(x) = 103*x - 30. Let v(b) = -13*n(b) + 6*y(b). Suppose 4*z + u + 16 = -3, -2*u = z + 3. Is v(z) a prime number?
True
Is (-10)/8 + 1 + (-1606890)/(-8) + 18 a prime number?
False
Let p(c) = 74*c - 5. Let n(i) be the first derivative of 25*i**2/2 - 2*i + 10. Let h(g) = 8*n(g) - 3*p(g). Is h(-14) prime?
True
Suppose 0 = 18*v - 23*v - 90. Let x = 65 + v. Let r = x - -102. Is r a prime number?
True
Let j(q) = -10465*q + 2382. Is j(-11) a prime number?
True
Let u = -536299 - -923828. Is u a composite number?
False
Suppose 10*d = d + 928071. Suppose 0 = j + s - 34950, 2*s + 1756 = 3*j - d. Suppose -13*x - 8006 = -j. Is x prime?
False
Let h = -145304 - -334947. Is h a composite number?
False
Let p(y) = 9358*y - 1. Let b be p(-2). Let f = -7736 - b. Suppose -8*g = -44373 + f. Is g composite?
True
Let x = 66786 + 190921. Is x composite?
False
Let z(v) = -8664*v**3 + 3*v**2 - 3*v - 1. Is z(-2) a composite number?
True
Let c = -11840 + 20791. Let m = c + 2548. Is m a prime number?
False
Let m(c) = 191*c + 639. Is m(38) prime?
False
Is 1634948/(22 - 15) + 63/7 a prime number?
False
Let k = 665881 + -355608. Is k a prime number?
True
Suppose -3*j = -2*s + 4, -18*j + 13*j = 4*s - 30. Suppose -5*t = 4*k - 4103 - 9073, 3*k = j*t + 9905. Is k composite?
False
Let a(d) = 8*d**2 + 80*d - 53. Let r(t) = -2*t**2 + t + 1. Let z(y) = -a(y) - 6*r(y). Is z(-38) a composite number?
False
Suppose 84223262 = -112*c + 159882221 + 126728065. Is c a prime number?
True
Let r(i) = i**2 - 10*i - 2. Let o be r(-3). Let n = o + -31. Let l(p) = -p**2 + 12*p + 1. Is l(n) a composite number?
False
Let t(r) = -2 + 0*r**3 + r**3 - 22*r + 21*r**2 + 6 + 0*r. Let i be t(-22). Suppose -l = 5*q - 562, -q = i*l - 2437 + 208. Is l a prime number?
True
Let v(d) = 8*d + 98. Let b be v(-13). Let w(m) = -3*m**3 - 3*m**2 + 3*m + 19. Is w(b) a prime number?
True
Suppose 233*x - 1315327 + 541661 = 1047695. Is x a prime number?
True
Let k(f) = f**3 + 7*f**2 + 16*f + 20. Let j be k(-5). Is 2 + (-3965)/j*10 prime?
True
Is (-90923 + -17 + (-2)/(-1))*(-11)/22 a composite number?
True
Suppose 0 = 4*o - 2*f - 2*f - 461252, 0 = -o + 2*f + 115317. Is o a prime number?
True
Let y(d) be the second derivative of 2*d**5/5 - 5*d**4/4 + 4*d**3/3 - 2*d**2 + 99*d. Is y(11) a prime number?
False
Suppose 2*q - 17*q - 6150 = 0. Let h = 537 + q. Is h a composite number?
False
Let a(l) be the second derivative of -541*l**5/20 - 5*l**4/12 - l**3 - l**2/2 - 2*l + 38. Is a(-1) prime?
True
Suppose 0 = -3*x - 2*s - 32, 9*x - 47 = 14*x - 3*s. Let a = 14 - x. Is (-6)/a - (-893)/4 a prime number?
True
Let w(a) = -a**3 - 10*a**2 + 11*a + 12. Let f be w(-11). Let l = f - -120. Suppose -3*y + l = -477. Is y composite?
True
Let n = 130697 + -92426. Is n a composite number?
True
Let t = -756 + 755. Is 3132 + (50 + -55)*t*1 a composite number?
False
Let r(z) = -z**2 + 2*z + 10. Let p be r(4). Is (p/(-2))/((-1)/59) a composite number?
False
Is 15/3 + (-991 + -1)*22427/(-164) a composite number?
False
Let g = 168 + -136. Suppose g*x - 17071 - 241 = 0. Is x a composite number?
False
Let r(j) = 12685*j**2 + 223*j - 885. Is r(4) prime?
True
Suppose z = -3*n + 2*n + 5, -z + 1 = -3*n. Suppose -2*o + q = n, o - q - 3 + 4 = 0. Is (-1 + 242)*(o - -5) a composite number?
True
Let d(j) = 0*j - 10*j**3 - 8*j + 6 - 10*j**2 + 9*j**3 + 2. Let p be d(-9). Is ((-1165)/30)/(p/6) a composite number?
False
Let m(i) = 2*i + 13. Let z be m(-6). Is (z - -3) + 0 + 6397 prime?
False
Let x(l) = -l**2 + 7*l - 12. Let h be (-4 + ((-8)/4 - -10))/2. Let y be x(h). Is ((-11)/3 - y)/(2/(-642)) prime?
False
Let h = 28 + -24. Suppose -5*f = -h*s - 29 - 12, -5*s - 5 = 3*f. Let x(k) = k**3 + 5*k**2 - 2*k - 5. Is x(s) composite?
False
Let p be (170/(-6))/((10/(-6))/5). Let g 